What is the units digit of 3424457830?
0
What is the hundred thousands digit of 654254861?
2
What is the ten millions digit of 363578437?
6
What is the units digit of 778674231?
1
What is the hundred millions digit of 697809720?
6
What is the hundred millions digit of 260329418?
2
What is the ten thousands digit of 891825347?
2
What is the millions digit of 127181767?
7
What is the thousands digit of 646762112?
2
What is the millions digit of 30117785?
0
What is the ten thousands digit of 56410873?
1
What is the hundreds digit of 77181437?
4
What is the tens digit of 2154093676?
7
What is the millions digit of 119665267?
9
What is the hundreds digit of 4456499892?
8
What is the millions digit of 125365106?
5
What is the thousands digit of 113006669?
6
What is the hundred millions digit of 1625490707?
6
What is the hundred thousands digit of 316279779?
2
What is the ten millions digit of 1878653345?
7
What is the hundred thousands digit of 2679262?
6
What is the ten thousands digit of 32972075?
7
What is the millions digit of 27556701?
7
What is the hundred thousands digit of 87990922?
9
What is the thousands digit of 106023253?
3
What is the units digit of 1412511942?
2
What is the units digit of 12270544?
4
What is the ten thousands digit of 271125220?
2
What is the tens digit of 17936751?
5
What is the ten thousands digit of 1076855087?
5
What is the ten thousands digit of 1475305712?
0
What is the ten thousands digit of 563035070?
3
What is the hundred thousands digit of 1538439683?
4
What is the thousands digit of 97926672?
6
What is the hundred thousands digit of 79811326?
8
What is the hundred thousands digit of 316674513?
6
What is the thousands digit of 397525137?
5
What is the hundreds digit of 90571350?
3
What is the ten millions digit of 118757809?
1
What is the thousands digit of 54401530?
1
What is the hundred thousands digit of 394951203?
9
What is the thousands digit of 13844488?
4
What is the units digit of 74471151?
1
What is the hundred thousands digit of 2394064923?
0
What is the thousands digit of 2951224329?
4
What is the hundred thousands digit of 314962?
3
What is the tens digit of 189194108?
0
What is the hundred millions digit of 675834307?
6
What is the ten thousands digit of 31458054?
5
What is the millions digit of 1076973764?
6
What is the hundred millions digit of 501949040?
5
What is the thousands digit of 1447832891?
2
What is the hundred millions digit of 1959175794?
9
What is the millions digit of 89248502?
9
What is the hundred millions digit of 1059351091?
0
What is the millions digit of 502150397?
2
What is the hundred thousands digit of 388372319?
3
What is the tens digit of 42105730?
3
What is the millions digit of 566113486?
6
What is the thousands digit of 35665508?
5
What is the ten thousands digit of 118515158?
1
What is the hundreds digit of 9525322?
3
What is the units digit of 5652938?
8
What is the hundred thousands digit of 9246115580?
1
What is the thousands digit of 99565603?
5
What is the units digit of 102990895?
5
What is the billions digit of 5305668296?
5
What is the tens digit of 672910190?
9
What is the thousands digit of 697489409?
9
What is the hundreds digit of 54400077?
0
What is the hundred thousands digit of 383563658?
5
What is the hundreds digit of 945228694?
6
What is the units digit of 52761877?
7
What is the thousands digit of 1088478261?
8
What is the ten millions digit of 54461879?
5
What is the ten thousands digit of 3683380315?
8
What is the ten millions digit of 1420248847?
2
What is the thousands digit of 17895874?
5
What is the millions digit of 4786859113?
6
What is the hundred thousands digit of 404954014?
9
What is the ten thousands digit of 1082357850?
5
What is the hundreds digit of 73967858?
8
What is the ten thousands digit of 1205622402?
2
What is the hundreds digit of 11439314?
3
What is the hundreds digit of 319777629?
6
What is the hundreds digit of 666483407?
4
What is the hundreds digit of 87243287?
2
What is the ten thousands digit of 705200940?
0
What is the thousands digit of 629128365?
8
What is the hundreds digit of 47177086?
0
What is the billions digit of 1057810188?
1
What is the ten thousands digit of 352074634?
7
What is the units digit of 7605395?
5
What is the tens digit of 390247870?
7
What is the hundreds digit of 185790940?
9
What is the hundred thousands digit of 885315183?
3
What is the millions digit of 394615238?
4
What is the thousands digit of 70818582?
8
What is the millions digit of 16045465?
6
What is the millions digit of 118309271?
8
What is the millions digit of 308627384?
8
What is the thousands digit of 214820150?
0
What is the billions digit of 1425156673?
1
What is the hundred thousands digit of 83956232?
9
What is the hundreds digit of 6846739?
7
What is the hundreds digit of 65290894?
8
What is the hundred thousands digit of 3261141538?
1
What is the thousands digit of 52612225?
2
What is the ten thousands digit of 1744679894?
7
What is the hundreds digit of 134352172?
1
What is the millions digit of 451042579?
1
What is the millions digit of 688862313?
8
What is the ten thousands digit of 50464269?
6
What is the tens digit of 3184247?
4
What is the billions digit of 1232949636?
1
What is the hundred thousands digit of 852640463?
6
What is the ten millions digit of 702558243?
0
What is the ten millions digit of 429795044?
2
What is the ten thousands digit of 193952835?
5
What is the hundreds digit of 151868806?
8
What is the ten millions digit of 12739188?
1
What is the millions digit of 6741936?
6
What is the millions digit of 1232399667?
2
What is the millions digit of 19962262?
9
What is the tens digit of 40551121?
2
What is the thousands digit of 3613307?
3
What is the hundreds digit of 390552132?
1
What is the billions digit of 4250170596?
4
What is the hundreds digit of 144100557?
5
What is the units digit of 42546587?
7
What is the ten thousands digit of 18954026?
5
What is the millions digit of 1251618?
1
What is the hundreds digit of 82750369?
3
What is the tens digit of 47399081?
8
What is the billions digit of 2278525386?
2
What is the hundreds digit of 3100810524?
5
What is the ten millions digit of 4987081289?
8
What is the hundred millions digit of 2693825222?
6
What is the hundreds digit of 767764436?
4
What is the units digit of 2194409151?
1
What is the hundreds digit of 1461572203?
2
What is the thousands digit of 146492642?
2
What is the tens digit of 198393358?
5
What is the units digit of 260936975?
5
What is the millions digit of 245761152?
5
What is the hundred thousands digit of 500666653?
6
What is the ten thousands digit of 1323727805?
2
What is the ten thousands digit of 1796296371?
9
What is the tens digit of 3555637?
3
What is the millions digit of 95520847?
5
What is the hundred thousands digit of 28007957?
0
What is the millions digit of 108368844?
8
What is the ten millions digit of 20248113?
2
What is the thousands digit of 543487099?
7
What is the ten thousands digit of 42819393?
1
What is the hundreds digit of 67460408?
4
What is the tens digit of 255667568?
6
What is the hundred millions digit of 1192515120?
1
What is the hundreds digit of 112163200?
2
What is the units digit of 88730530?
0
What is the hundred millions digit of 188100111?
1
What is the ten millions digit of 698054384?
9
What is the hundred millions digit of 115995087?
1
What is the hundreds digit of 1481820012?
0
What is the ten millions digit of 854291263?
5
What is the hundred thousands digit of 59846144?
8
What is the millions digit of 760301892?
0
What is the millions digit of 2608184?
2
What is the tens digit of 1169553101?
0
What is the millions digit of 197763607?
7
What is the hundreds digit of 100853201?
2
What is the units digit of 14020489?
9
What is the thousands digit of 18946666?
6
What is the ten millions digit of 414925340?
1
What is the units digit of 260202337?
7
What is the tens digit of 228290985?
8
What is the hundreds digit of 50654642?
6
What is the ten millions digit of 24492486?
2
What is the ten millions digit of 368150736?
6
What is the hundreds digit of 5214694877?
8
What is the hundred millions digit of 937720338?
9
What is the tens digit of 7914144198?
9
What is the millions digit of 5225